- 3*r + 4*r + 103 = 0. Suppose -5*m + a = 2*x, x - 3*m - 24 = -0*m. Calculate the remainder when 105 is divided by x.
15
Let j = 174 + -117. Let c(o) = -o + 5. Let a be c(5). Let s(q) = -q**2 + 20. Calculate the remainder when j is divided by s(a).
17
Calculate the remainder when (-2)/((-720)/712 + 1) is divided by 21.
10
Let m be 342/10 - (-12)/15. Suppose m = -q + 2*q. What is the remainder when q is divided by 14?
7
Suppose -9*g = -6*g - 3*u + 63, u - 75 = 4*g. Let x = 21 - g. Calculate the remainder when 192 is divided by x.
36
Let f(b) = -11*b + 154. Let x = -184 - -325. What is the remainder when x is divided by f(13)?
9
Let g(q) = -3*q**2 + q + 2. Let j be g(2). Let p be (-8)/(-12) + j/(-6). Suppose y - 15 = -p*y. Calculate the remainder when 9 is divided by y.
4
Let p = -31 + 55. Let o(h) = h**3 + h + 7. Let z be o(0). Let y = p - z. Calculate the remainder when 66 is divided by y.
15
Let v(o) = 2*o + 2. Let f be v(0). Suppose -56 = -0*c - 2*c + 2*b, 5*b + 88 = 3*c. What is the remainder when c is divided by (-28)/4*(f + -3)?
5
Let r(m) = m**3 - 78*m**2 + 152*m + 9. Let x(f) = 11 - 4 + 0 + 4*f. Calculate the remainder when x(7) is divided by r(76).
8
Let n be 0/(-3 + 1) - -130. Let d = n + -118. Suppose 0 = -k - 2 + 37. What is the remainder when k is divided by d?
11
Let m = -461 - -504. What is the remainder when 255 is divided by m?
40
Suppose 7*c = 2*c + 305. Suppose -4*g + 3*m - 3 = -40, -3*g - m + 18 = 0. Calculate the remainder when c is divided by g.
5
What is the remainder when 44 is divided by 0/(-165) - 1*13*-1?
5
Suppose -316 = -10*p + 6*p. Calculate the remainder when p is divided by 27.
25
Suppose 4*v - 2*k = 42, -7*v = -2*v - k - 54. Let s = -111 - -16. Let w = -54 - s. What is the remainder when w is divided by v?
8
Let v = -10 + 14. Suppose 4*p + v*t = t - 1, p = -5*t - 13. Suppose -4*n = -p*n - 12. What is the remainder when 10 is divided by n?
4
Suppose 4*o = 3*j - 32, 14*j = 12*j - 3*o + 10. Calculate the remainder when 37 is divided by j.
5
Let h = 665 - 620. What is the remainder when 1304 is divided by h?
44
Let m(a) = -a**2 - 2*a + 5. Let w(j) = j**2 + 1. Let v(p) = -m(p) + 4*w(p). Let k = 71 - 63. Calculate the remainder when v(2) is divided by k.
7
Let d be (3*5)/(16/16). What is the remainder when d*(4 + 11/(-3)) is divided by 3?
2
Let q(u) = -u**2 - 11*u + 2. Suppose -w = 19 - 8. Let b be q(w). Suppose 1 + 45 = b*d. What is the remainder when 88 is divided by d?
19
Let g be (-4)/((-81)/90 - (-4)/10). Let r = 8 + g. Calculate the remainder when 45 is divided by r.
13
What is the remainder when 15/(-25) + (-793)/(-5) is divided by 17?
5
Suppose -v = 4*v + d + 76, 2*d = v + 24. Let f = -12 - v. Calculate the remainder when 52 is divided by (16/f)/(6/27).
16
Suppose 76*s + 1500 = 86*s. Calculate the remainder when s is divided by 45.
15
Suppose 1764 = n + 17*n. Calculate the remainder when n is divided by 52.
46
Suppose 0 = 42*i - 29*i - 10439. What is the remainder when i is divided by 12?
11
Suppose 284*g = 282*g + 932. What is the remainder when g is divided by 52?
50
Let k(j) = 17*j**2 - j + 2. Let x be k(1). Let d = x + -7. What is the remainder when 20 is divided by d?
9
Let q be 3*70/12*6/5. Calculate the remainder when 87 is divided by (-1 - -1) + q - (63 - 64).
21
Let m(d) = -2*d + 6. Let v be m(4). Let r be (38/57)/(v/48). Let i(f) = -f**2 - 16*f + 13. What is the remainder when 49 is divided by i(r)?
10
Suppose -324 - 90 = 3*p. What is the remainder when 2 + 4 + p/(-2) is divided by 19?
18
Let f = 13 + -13. Suppose -z - 4*z + 115 = f. Calculate the remainder when 68 is divided by z.
22
Let u(w) = 18*w**3 + 4*w**2 - w - 1. Let a be u(-1). Suppose 2*v - 15 = 1. Calculate the remainder when v/(a/5 + 3) is divided by 21.
19
What is the remainder when 11 is divided by 120/(-48)*12/(-10)?
2
Suppose 0 = 26*g + 8*g - 3094. Calculate the remainder when g is divided by 80.
11
Let j(o) = 2*o**3 + o**2 + 4. Let s be j(-2). Let y be (186/s)/((-33)/88). Let v = 10 + y. Calculate the remainder when v is divided by 37.
35
Suppose -2*q + 455 = 3*q - 2*n, 4*n = 4*q - 352. Suppose -8 = i + 5*o, -5*i + 3*o - 21 = -q. What is the remainder when 83 is divided by i?
11
Let l = 826 + -567. What is the remainder when l is divided by 26?
25
Let n = -194 + 315. Calculate the remainder when n is divided by 52.
17
Let a = -777 + 811. Calculate the remainder when a is divided by 12.
10
Calculate the remainder when 53 is divided by (3 - (-396)/16)*(-4)/(-3).
16
Let z be (-2)/(-1 - 2/(-6)). Let w be 30/4*(-132)/(-40)*-4. What is the remainder when 79 is divided by -2*z*w/22?
25
Let c(m) = m**2 - 5 - 15*m + 4*m**2 - 6*m**2. Let z be c(-9). Let x = z + -38. Calculate the remainder when x is divided by 4.
3
Let d(n) = -n**3 + 6*n**2 + 6*n + 11. Let s be d(7). Suppose 0 = -x + s*x - 27. Calculate the remainder when 16 is divided by x.
7
Suppose -22 - 14 = -2*g. Let o = -2 + g. What is the remainder when o is divided by 6?
4
Let b = -28 + 29. What is the remainder when 11 is divided by 4 + -2 + b + 0?
2
Suppose 4*r = -0*r + 8. Suppose 3*i = -2*i + v + 561, 562 = 5*i - r*v. Calculate the remainder when i is divided by 23.
20
Let o = 24 + 89. Let j = -6 + o. Suppose 3*b - j = 103. What is the remainder when b is divided by 18?
16
Let u(g) = -g + 12. Calculate the remainder when u(-9) is divided by (-146)/(-14) + 0 - 60/(-105).
10
Suppose 0 = 4*a + 12, 4*r + 15*a = 12*a + 815. What is the remainder when r is divided by 52?
50
Let i(a) = -4*a**3 + a**2 + 5*a - 2. Calculate the remainder when 76 is divided by i(-2).
4
Suppose -16 = 2*n - 6*n. Let y(t) = -t**3 + 3*t**2 + 4*t + 3. Calculate the remainder when y(4) is divided by 3*(-7)/((-42)/n).
1
Suppose v = -v - 4*d + 90, -5*v + 4*d = -169. Suppose -6*c + 20 = -c, c + 12 = -4*m. Calculate the remainder when v is divided by 3/(11 + -5) + (-38)/m.
7
Let b = 46 - -54. Calculate the remainder when b is divided by 34.
32
Let u(n) = n**2 + 3*n - 8. Let a be u(4). Suppose a = 2*h + 2*h. Suppose y - h = 13. What is the remainder when y is divided by 5?
3
Suppose 27*s + 1814 - 5189 = 0. Calculate the remainder when s is divided by 40.
5
Suppose 4*g = 3*g - 5*d + 293, -565 = -2*g - 3*d. What is the remainder when g is divided by 35?
33
Let v be 2 + -1 + 1 - -4. Let i = v - 3. Suppose -b + 4*q + 17 = 0, -i + 0 = 5*b + 2*q. What is the remainder when 2 is divided by b?
0
Let l = 10 - -15. Let b(q) = 9*q**2 + 2*q + 4. Let m be b(-3). Let n = 128 - m. Calculate the remainder when n is divided by l.
24
Let a = 139 + -104. What is the remainder when 139 is divided by a?
34
Let w(j) = 5*j**2 - 8*j - 4. Calculate the remainder when w(6) is divided by 4*6*(-86)/(-48).
42
Let a = 111 + -102. Calculate the remainder when a is divided by 5.
4
Suppose -s + 26 = 4*j + s, j - 14 = -3*s. Suppose 0*o = -o + 1, 5*w = -3*o + 38. Suppose -108 = -w*f + 11. What is the remainder when f is divided by j?
2
Suppose 20*o + 3*y = 23*o - 603, o - 199 = 2*y. What is the remainder when o is divided by 41?
39
Suppose -22*b + 512 = -20*b. Calculate the remainder when b is divided by 24.
16
Let p = -5 + 1. Let k(a) = -a - 4. Let h be k(p). Suppose 5*t - 2*s - 8 = 0, 5*s = -2*t - h*s + 9. Calculate the remainder when t is divided by 2.
0
Suppose 0 = -n - b + 692, -2*n = -5*n + 3*b + 2052. Suppose -2*d + 40 = -18. What is the remainder when (n/40)/((-1)/(-5)) is divided by d?
28
What is the remainder when (5 - (-3)/(-15)*15) + 315 is divided by 160?
157
Let f(q) = q**3 + 52*q**2 + 232*q - 114. Calculate the remainder when 75 is divided by f(-47).
21
Calculate the remainder when 33 is divided by (93/(-6))/((-12)/24).
2
Suppose 45*b + 15 = 50*b, 0 = 5*n + 2*b - 3591. What is the remainder when n is divided by 30?
27
Let s = -71 - -81. What is the remainder when 48 is divided by (-3185)/98*((-16)/s)/2?
22
Calculate the remainder when 34 is divided by (24/36)/((-4)/(-72)).
10
Let d(a) = 77*a - 1 - 15 - 68*a. What is the remainder when d(6) is divided by 10?
8
Let u(j) = -j**3 + 5*j**2 - 5*j + 5. Let a be u(4). Calculate the remainder when 61 is divided by 8/((a/2)/1).
13
Let x(d) = d**2 + 15*d - 125. What is the remainder when x(7) is divided by 16?
13
Let n be -25*14*4/(-20). Suppose -3*f = -5*f - n. Let y = 58 + f. What is the remain